e remainder when 17050 is divided by 609.
607
Calculate the remainder when 27240 is divided by 52.
44
Calculate the remainder when 122982 is divided by 19.
14
What is the remainder when 81383 is divided by 447?
29
Calculate the remainder when 59646 is divided by 2982.
6
What is the remainder when 17340 is divided by 598?
596
What is the remainder when 14122 is divided by 4688?
58
Calculate the remainder when 111200 is divided by 43.
2
Calculate the remainder when 1435 is divided by 1375.
60
What is the remainder when 53226 is divided by 1298?
8
What is the remainder when 197348 is divided by 20?
8
Calculate the remainder when 480 is divided by 249.
231
What is the remainder when 766842 is divided by 26?
24
What is the remainder when 15065 is divided by 386?
11
What is the remainder when 44412 is divided by 91?
4
Calculate the remainder when 13373 is divided by 10.
3
What is the remainder when 124837 is divided by 259?
258
Calculate the remainder when 2927 is divided by 1455.
17
Calculate the remainder when 27574 is divided by 35.
29
What is the remainder when 17387133 is divided by 52?
49
What is the remainder when 27482 is divided by 10?
2
Calculate the remainder when 18354 is divided by 748.
402
Calculate the remainder when 1696684 is divided by 28.
24
What is the remainder when 159957 is divided by 430?
427
What is the remainder when 81618 is divided by 258?
90
What is the remainder when 87341 is divided by 824?
821
Calculate the remainder when 49474 is divided by 151.
97
What is the remainder when 57059 is divided by 146?
119
What is the remainder when 9185 is divided by 48?
17
Calculate the remainder when 52468 is divided by 30.
28
What is the remainder when 223174 is divided by 55783?
42
What is the remainder when 369635 is divided by 253?
2
Calculate the remainder when 4578 is divided by 511.
490
What is the remainder when 2759 is divided by 799?
362
Calculate the remainder when 18670 is divided by 15.
10
Calculate the remainder when 152119 is divided by 6337.
31
What is the remainder when 14315 is divided by 378?
329
What is the remainder when 3559 is divided by 23?
17
What is the remainder when 946 is divided by 43?
0
Calculate the remainder when 5645 is divided by 928.
77
Calculate the remainder when 1724 is divided by 26.
8
Calculate the remainder when 6598 is divided by 1089.
64
What is the remainder when 1257 is divided by 87?
39
Calculate the remainder when 232472 is divided by 64.
24
What is the remainder when 5311245 is divided by 125?
120
Calculate the remainder when 3040 is divided by 369.
88
Calculate the remainder when 21995 is divided by 45.
35
What is the remainder when 61015 is divided by 263?
262
What is the remainder when 21851 is divided by 1441?
236
What is the remainder when 3642 is divided by 73?
65
Calculate the remainder when 35381 is divided by 66.
5
Calculate the remainder when 21644 is divided by 7204.
32
What is the remainder when 68396 is divided by 68293?
103
What is the remainder when 7588 is divided by 314?
52
What is the remainder when 12325 is divided by 28?
5
Calculate the remainder when 18450 is divided by 1160.
1050
Calculate the remainder when 137857 is divided by 17230.
17
What is the remainder when 22206 is divided by 113?
58
What is the remainder when 8946 is divided by 8402?
544
Calculate the remainder when 32994 is divided by 51.
48
What is the remainder when 49061 is divided by 15705?
1946
Calculate the remainder when 16168 is divided by 502.
104
What is the remainder when 170192 is divided by 170184?
8
Calculate the remainder when 25503 is divided by 12668.
167
Calculate the remainder when 893 is divided by 144.
29
Calculate the remainder when 102407 is divided by 251.
250
What is the remainder when 561 is divided by 93?
3
Calculate the remainder when 2033 is divided by 398.
43
What is the remainder when 119294 is divided by 39746?
56
Calculate the remainder when 9514 is divided by 173.
172
What is the remainder when 29161 is divided by 95?
91
What is the remainder when 16119160 is divided by 1951?
1949
Calculate the remainder when 101736 is divided by 7.
5
What is the remainder when 17391 is divided by 7?
3
What is the remainder when 14277 is divided by 210?
207
What is the remainder when 13527 is divided by 87?
42
Calculate the remainder when 2272 is divided by 123.
58
What is the remainder when 6134 is divided by 1223?
19
What is the remainder when 9727 is divided by 462?
25
Calculate the remainder when 38336 is divided by 184.
64
What is the remainder when 207596 is divided by 34596?
20
Calculate the remainder when 211165 is divided by 1193.
4
What is the remainder when 2534 is divided by 281?
5
Calculate the remainder when 6345 is divided by 2115.
0
Calculate the remainder when 30273 is divided by 11.
1
What is the remainder when 533156 is divided by 180?
176
What is the remainder when 5218 is divided by 541?
349
What is the remainder when 1709 is divided by 395?
129
Calculate the remainder when 3243 is divided by 735.
303
Calculate the remainder when 4971 is divided by 1201.
167
Calculate the remainder when 53235 is divided by 309.
87
Calculate the remainder when 35748 is divided by 2102.
14
What is the remainder when 650 is divided by 44?
34
What is the remainder when 82 is divided by 66?
16
What is the remainder when 719 is divided by 514?
205
What is the remainder when 318990 is divided by 100?
90
Calculate the remainder when 252 is divided by 42.
0
Calculate the remainder when 846 is divided by 481.
365
Calculate the remainder when 1130 is divided by 296.
242
Calculate the remainder when 141229 is divided by 4554.
55
What is the remainder when 1761 is divided by 363?
309
What is the remainder when 19903 is divided by 38?
29
Calculate the remainder when 102815 is divided by 96.
95
Calculate the remainder when 2558 is divided by 130.
88
What is the remainder when 501 is divided by 10?
1
What is the remainder when 4329 is divided by 1198?
735
What is the remainder when 118924 is divided by 195?
169
What is the remainder when 1773 is divided by 815?
143
Calculate the remainder when 47065 is divided by 197.
179
Calculate the remainder when 557376 is divided by 509.
21
What is the remainder when 1878 is divided by 185?
28
What is the remainder when 312899 is divided by 40?
19
What is the remainder when 6459 is divided by 919?
26
Calculate the remainder when 5082022 is divided by 325.
322
What is the remainder when 3176 is divided by 73?
37
What is the remainder when 6944 is divided by 365?
9
Calculate the remainder when 1771 is divided by 46.
23
Calculate the remainder when 5341 is divided by 876.
85
What is the remainder when 1090 is divided by 506?
78
What is the remainder when 53261 is divided by 348?
17
What is the remainder when 2754 is divided by 1371?
12
Calculate the remainder when 1182 is divided by 410.
362
Calculate the remainder when 38703 is divided by 6.
3
What is the remainder when 107270 is divided by 14?
2
Calculate the remainder when 294383 is divided by 73576.
79
Calculate the remainder when 75761 is divided by 44.
37
What is the remainder when 1573271 is divided by 94?
87
Calculate the remainder when 971782 is divided by 739.
736
Calculate the remainder when 50261 is divided by 2392.
29
What is the remainder when 25987 is divided by 108?
67
Calculate the remainder when 2292 is divided by 337.
270
What is the remainder when 52026 is divided by 17318?
72
Calculate the remainder when 6113 is divided by 219.
200
Calculate the remainder when 580577 is divided by 319.
316
Calculate the remainder when 4949 is divided by 355.
334
What is the remainder when 2393 is divided by 267?
257
Calculate the remainder when 34865 is divided by 4.
1
What is the remainder when 29501 is divided by 7339?
145
What is the remainder when 3074 is divided by 738?
122
Calculate the remainder when 11546 is divided by 608.
602
Calculate the remainder when 116635 is divided by 3.
1
Calculate the remainder when 45122 is divided by 52.
38
What is the remainder when 57939 is divided by 5?
4
Calculate the remainder when 34542 is divided by 219.
159
Calculate the remainder when 7569 is divided by 7539.
30
Calculate the remainder when 735117 is divided by 45.
42
What is the remainder when 10047 is divi